{"id":944,"date":"2023-11-10T16:20:06","date_gmt":"2023-11-10T16:20:06","guid":{"rendered":"https:\/\/www.igforma.com\/?page_id=944"},"modified":"2023-11-10T16:20:06","modified_gmt":"2023-11-10T16:20:06","slug":"formacao-emprego-digital","status":"publish","type":"page","link":"https:\/\/www.igforma.com\/?page_id=944","title":{"rendered":"FORMA\u00c7\u00c3O EMPREGO + DIGITAL"},"content":{"rendered":"\n<p>\u00a0<\/p>\n<p><img loading=\"lazy\" decoding=\"async\" class=\"aligncenter size-full wp-image-938\" src=\"https:\/\/www.igforma.com\/wp-content\/uploads\/2023\/11\/MAIS-DIGITAL-BANNER-2.png\" alt=\"\" width=\"1920\" height=\"695\" srcset=\"https:\/\/www.igforma.com\/wp-content\/uploads\/2023\/11\/MAIS-DIGITAL-BANNER-2.png 1920w, https:\/\/www.igforma.com\/wp-content\/uploads\/2023\/11\/MAIS-DIGITAL-BANNER-2-300x109.png 300w, https:\/\/www.igforma.com\/wp-content\/uploads\/2023\/11\/MAIS-DIGITAL-BANNER-2-1024x371.png 1024w, https:\/\/www.igforma.com\/wp-content\/uploads\/2023\/11\/MAIS-DIGITAL-BANNER-2-768x278.png 768w, https:\/\/www.igforma.com\/wp-content\/uploads\/2023\/11\/MAIS-DIGITAL-BANNER-2-1536x556.png 1536w\" sizes=\"(max-width: 1920px) 100vw, 1920px\" \/><\/p>\n<p>A\u00a0<strong>Forma\u00e7\u00e3o<\/strong>\u00a0<strong>Emprego+ Digital<\/strong>\u00a0\u00e9 uma iniciativa do IEFP, organizada pela\u00a0<strong>IG-FORMA<\/strong>, para promover a forma\u00e7\u00e3o e requalifica\u00e7\u00e3o na \u00e1rea digital de trabalhadores das empresas, incluindo\u00a0entidades da economia social, contribuindo para fomentar a respetiva transforma\u00e7\u00e3o digital destas entidades empregadoras.<\/p>\n<p>A IG-Forma tem aprovados Planos de Forma\u00e7\u00e3o com financiamento aprovado para as regi\u00f5es Norte, Centro, Lisboa, Alentejo e Algarve, bastante abrangentes e interessantes, que s\u00e3o organizados em Unidades de Curta Dura\u00e7\u00e3o (UFCD) que se centram na \u00e1rea digital, permitindo que os formandos obtenham compet\u00eancias importantes e necess\u00e1rias no \u00e2mbito digital.<\/p>\n<p>Esta forma\u00e7\u00e3o \u00e9 100% financiada, isto \u00e9, o trabalhador recebe o valor de subs\u00eddio de alimenta\u00e7\u00e3o por cada sess\u00e3o de forma\u00e7\u00e3o a que assista (&gt;3 horas de forma\u00e7\u00e3o), em hor\u00e1rio p\u00f3s-laboral.<\/p>\n<p>As sess\u00f5es de forma\u00e7\u00e3o decorrem\u00a0exclusivamente em regime presencial.<\/p>\n\n\n\n<table style=\"width: 100%; height: 1599px;\" width=\"567\">\n<tbody>\n<tr style=\"height: 50px;\">\n<td style=\"text-align: center; height: 50px; width: 12.4606%;\" width=\"64\">\n<p><strong>C\u00f3digo<\/strong><\/p>\n<\/td>\n<td style=\"text-align: center; height: 50px; width: 74.6057%;\" width=\"437\">\n<p><strong>Designa\u00e7\u00e3o <a href=\"#_ftn1\" name=\"_ftnref1\">[1]<\/a><\/strong><\/p>\n<\/td>\n<td style=\"text-align: center; height: 50px; width: 12.776%;\" width=\"66\">\n<p><strong>Carga hor\u00e1ria<\/strong><\/p>\n<\/td>\n<\/tr>\n<tr style=\"height: 30px;\">\n<td style=\"height: 30px; width: 12.4606%;\" width=\"64\">\n<p><strong>0441<\/strong><\/p>\n<\/td>\n<td style=\"height: 30px; width: 74.6057%;\" width=\"437\">\n<p><a href=\"https:\/\/catalogo.anqep.gov.pt\/ufcdDetalhe\/503\">E-mercado<\/a><\/p>\n<\/td>\n<td style=\"height: 30px; width: 12.776%;\" width=\"66\">\n<p><strong>25<\/strong><\/p>\n<\/td>\n<\/tr>\n<tr style=\"height: 49px;\">\n<td style=\"height: 49px; width: 12.4606%;\" width=\"64\">\n<p><strong>0444<\/strong><\/p>\n<\/td>\n<td style=\"height: 49px; width: 74.6057%;\" width=\"437\">\n<p><a href=\"https:\/\/catalogo.anqep.gov.pt\/ufcdDetalhe\/506\">E-marketing &#8211; tecnologias de informa\u00e7\u00e3o e comunica\u00e7\u00e3o<\/a><\/p>\n<\/td>\n<td style=\"height: 49px; width: 12.776%;\" width=\"66\">\n<p><strong>50<\/strong><\/p>\n<\/td>\n<\/tr>\n<tr style=\"height: 49px;\">\n<td style=\"height: 49px; width: 12.4606%;\" width=\"64\">\n<p><strong>0446<\/strong><\/p>\n<\/td>\n<td style=\"height: 49px; width: 74.6057%;\" width=\"437\">\n<p><a href=\"https:\/\/catalogo.anqep.gov.pt\/ufcdDetalhe\/508\">Plano de e-marketing<\/a><\/p>\n<\/td>\n<td style=\"height: 49px; width: 12.776%;\" width=\"66\">\n<p><strong>50<\/strong><\/p>\n<\/td>\n<\/tr>\n<tr style=\"height: 49px;\">\n<td style=\"height: 49px; width: 12.4606%;\" width=\"64\">\n<p><strong>0693<\/strong><\/p>\n<\/td>\n<td style=\"height: 49px; width: 74.6057%;\" width=\"437\">\n<p><a href=\"https:\/\/catalogo.anqep.gov.pt\/ufcdDetalhe\/7186\">Gest\u00e3o de correio eletr\u00f3nico e pesquisa de informa\u00e7\u00e3o na web<\/a><\/p>\n<\/td>\n<td style=\"height: 49px; width: 12.776%;\" width=\"66\">\n<p><strong>25<\/strong><\/p>\n<\/td>\n<\/tr>\n<tr style=\"height: 49px;\">\n<td style=\"height: 49px; width: 12.4606%;\" width=\"64\">\n<p><strong>0695<\/strong><\/p>\n<\/td>\n<td style=\"height: 49px; width: 74.6057%;\" width=\"437\">\n<p><a href=\"https:\/\/catalogo.anqep.gov.pt\/ufcdDetalhe\/7188\">Gest\u00e3o informatizada de documentos<\/a><\/p>\n<\/td>\n<td style=\"height: 49px; width: 12.776%;\" width=\"66\">\n<p><strong>50<\/strong><\/p>\n<\/td>\n<\/tr>\n<tr style=\"height: 49px;\">\n<td style=\"height: 49px; width: 12.4606%;\" width=\"64\">\n<p><strong>0754<\/strong><\/p>\n<\/td>\n<td style=\"height: 49px; width: 74.6057%;\" width=\"437\">\n<p><a href=\"https:\/\/catalogo.anqep.gov.pt\/ufcdDetalhe\/739\">Processador de texto<\/a><\/p>\n<\/td>\n<td style=\"height: 49px; width: 12.776%;\" width=\"66\">\n<p><strong>50<\/strong><\/p>\n<\/td>\n<\/tr>\n<tr style=\"height: 49px;\">\n<td style=\"height: 49px; width: 12.4606%;\" width=\"64\">\n<p><strong>0778<\/strong><\/p>\n<\/td>\n<td style=\"height: 49px; width: 74.6057%;\" width=\"437\">\n<p><a href=\"https:\/\/catalogo.anqep.gov.pt\/ufcdDetalhe\/9162\">Folha de c\u00e1lculo<\/a><\/p>\n<\/td>\n<td style=\"height: 49px; width: 12.776%;\" width=\"66\">\n<p><strong>50<\/strong><\/p>\n<\/td>\n<\/tr>\n<tr style=\"height: 49px;\">\n<td style=\"height: 49px; width: 12.4606%;\" width=\"64\">\n<p><strong>0779<\/strong><\/p>\n<\/td>\n<td style=\"height: 49px; width: 74.6057%;\" width=\"437\">\n<p><a href=\"https:\/\/catalogo.anqep.gov.pt\/ufcdDetalhe\/764\">Utilit\u00e1rio de apresenta\u00e7\u00e3o gr\u00e1fica<\/a><\/p>\n<\/td>\n<td style=\"height: 49px; width: 12.776%;\" width=\"66\">\n<p><strong>25<\/strong><\/p>\n<\/td>\n<\/tr>\n<tr style=\"height: 49px;\">\n<td style=\"height: 49px; width: 12.4606%;\" width=\"64\">\n<p><strong>0809<\/strong><\/p>\n<\/td>\n<td style=\"height: 49px; width: 74.6057%;\" width=\"437\">\n<p><a href=\"https:\/\/catalogo.anqep.gov.pt\/ufcdDetalhe\/791\">Programa\u00e7\u00e3o em C\/C++ &#8211; fundamentos<\/a><\/p>\n<\/td>\n<td style=\"height: 49px; width: 12.776%;\" width=\"66\">\n<p><strong>50<\/strong><\/p>\n<\/td>\n<\/tr>\n<tr style=\"height: 49px;\">\n<td style=\"height: 49px; width: 12.4606%;\" width=\"64\">\n<p><strong>5425<\/strong><\/p>\n<\/td>\n<td style=\"height: 49px; width: 74.6057%;\" width=\"437\">\n<p><a href=\"https:\/\/catalogo.anqep.gov.pt\/ufcdDetalhe\/4784\">Projeto de tecnologias e programa\u00e7\u00e3o de sistemas de informa\u00e7\u00e3o<\/a><\/p>\n<\/td>\n<td style=\"height: 49px; width: 12.776%;\" width=\"66\">\n<p><strong>50<\/strong><\/p>\n<\/td>\n<\/tr>\n<tr style=\"height: 49px;\">\n<td style=\"height: 49px; width: 12.4606%;\" width=\"64\">\n<p><strong>7855<\/strong><\/p>\n<\/td>\n<td style=\"height: 49px; width: 74.6057%;\" width=\"437\">\n<p><a href=\"https:\/\/catalogo.anqep.gov.pt\/ufcdDetalhe\/9119\">Plano de neg\u00f3cio \u2013 cria\u00e7\u00e3o de pequenos e m\u00e9dios<\/a><\/p>\n<\/td>\n<td style=\"height: 49px; width: 12.776%;\" width=\"66\">\n<p><strong>50<\/strong><\/p>\n<\/td>\n<\/tr>\n<tr style=\"height: 49px;\">\n<td style=\"height: 49px; width: 12.4606%;\" width=\"64\">\n<p><strong>8846<\/strong><\/p>\n<\/td>\n<td style=\"height: 49px; width: 74.6057%;\" width=\"437\">\n<p><a href=\"https:\/\/catalogo.anqep.gov.pt\/ufcdDetalhe\/11153\">Design de intera\u00e7\u00e3o e usabilidade<\/a><\/p>\n<\/td>\n<td style=\"height: 49px; width: 12.776%;\" width=\"66\">\n<p><strong>25<\/strong><\/p>\n<\/td>\n<\/tr>\n<tr style=\"height: 49px;\">\n<td style=\"height: 49px; width: 12.4606%;\" width=\"64\">\n<p><strong>9210<\/strong><\/p>\n<\/td>\n<td style=\"height: 49px; width: 74.6057%;\" width=\"437\">\n<p><a href=\"https:\/\/catalogo.anqep.gov.pt\/ufcdDetalhe\/11657\">Atendimento n\u00e3o presencial ao cliente<\/a><\/p>\n<\/td>\n<td style=\"height: 49px; width: 12.776%;\" width=\"66\">\n<p><strong>50<\/strong><\/p>\n<\/td>\n<\/tr>\n<tr style=\"height: 49px;\">\n<td style=\"height: 49px; width: 12.4606%;\" width=\"64\">\n<p><strong>9214<\/strong><\/p>\n<\/td>\n<td style=\"height: 49px; width: 74.6057%;\" width=\"437\">\n<p><a href=\"https:\/\/catalogo.anqep.gov.pt\/ufcdDetalhe\/11661\">Marketing digital<\/a><\/p>\n<\/td>\n<td style=\"height: 49px; width: 12.776%;\" width=\"66\">\n<p><strong>25<\/strong><\/p>\n<\/td>\n<\/tr>\n<tr style=\"height: 49px;\">\n<td style=\"height: 49px; width: 12.4606%;\" width=\"64\">\n<p><strong>9216<\/strong><\/p>\n<\/td>\n<td style=\"height: 49px; width: 74.6057%;\" width=\"437\">\n<p><a href=\"https:\/\/catalogo.anqep.gov.pt\/ufcdDetalhe\/11663\">Meios de comunica\u00e7\u00e3o digital<\/a><\/p>\n<\/td>\n<td style=\"height: 49px; width: 12.776%;\" width=\"66\">\n<p><strong>25<\/strong><\/p>\n<\/td>\n<\/tr>\n<tr style=\"height: 49px;\">\n<td style=\"height: 49px; width: 12.4606%;\" width=\"64\">\n<p><strong>9217<\/strong><\/p>\n<\/td>\n<td style=\"height: 49px; width: 74.6057%;\" width=\"437\">\n<p><a href=\"https:\/\/catalogo.anqep.gov.pt\/ufcdDetalhe\/11664\">Planos e campanhas de comunica\u00e7\u00e3o \u2013 venda n\u00e3o presencial<\/a><\/p>\n<\/td>\n<td style=\"height: 49px; width: 12.776%;\" width=\"66\">\n<p><strong>50<\/strong><\/p>\n<\/td>\n<\/tr>\n<tr style=\"height: 49px;\">\n<td style=\"height: 49px; width: 12.4606%;\" width=\"64\">\n<p><strong>9221<\/strong><\/p>\n<\/td>\n<td style=\"height: 49px; width: 74.6057%;\" width=\"437\">\n<p><a href=\"https:\/\/catalogo.anqep.gov.pt\/ufcdDetalhe\/11668\">Gest\u00e3o de mobile<\/a><\/p>\n<\/td>\n<td style=\"height: 49px; width: 12.776%;\" width=\"66\">\n<p><strong>50<\/strong><\/p>\n<\/td>\n<\/tr>\n<tr style=\"height: 49px;\">\n<td style=\"height: 49px; width: 12.4606%;\" width=\"64\">\n<p><strong>9952<\/strong><\/p>\n<\/td>\n<td style=\"height: 49px; width: 74.6057%;\" width=\"437\">\n<p><a href=\"https:\/\/catalogo.anqep.gov.pt\/ufcdDetalhe\/12645\">Programa\u00e7\u00e3o de aplica\u00e7\u00f5es e s\u00edtios web din\u00e2micos<\/a><\/p>\n<\/td>\n<td style=\"height: 49px; width: 12.776%;\" width=\"66\">\n<p><strong>50<\/strong><\/p>\n<\/td>\n<\/tr>\n<tr style=\"height: 49px;\">\n<td style=\"height: 49px; width: 12.4606%;\" width=\"64\">\n<p><strong>9958<\/strong><\/p>\n<\/td>\n<td style=\"height: 49px; width: 74.6057%;\" width=\"437\">\n<p><a href=\"https:\/\/catalogo.anqep.gov.pt\/ufcdDetalhe\/12651\">Arquitetura de informa\u00e7\u00e3o<\/a><\/p>\n<\/td>\n<td style=\"height: 49px; width: 12.776%;\" width=\"66\">\n<p><strong>25<\/strong><\/p>\n<\/td>\n<\/tr>\n<tr style=\"height: 49px;\">\n<td style=\"height: 49px; width: 12.4606%;\" width=\"64\">\n<p><strong>9963<\/strong><\/p>\n<\/td>\n<td style=\"height: 49px; width: 74.6057%;\" width=\"437\">\n<p><a href=\"https:\/\/catalogo.anqep.gov.pt\/ufcdDetalhe\/12656\">Edi\u00e7\u00e3o web<\/a><\/p>\n<\/td>\n<td style=\"height: 49px; width: 12.776%;\" width=\"66\">\n<p><strong>50<\/strong><\/p>\n<\/td>\n<\/tr>\n<tr style=\"height: 49px;\">\n<td style=\"height: 49px; width: 12.4606%;\" width=\"64\">\n<p><strong>9978<\/strong><\/p>\n<\/td>\n<td style=\"height: 49px; width: 74.6057%;\" width=\"437\">\n<p><a href=\"https:\/\/catalogo.anqep.gov.pt\/ufcdDetalhe\/12671\">T\u00e9cnicas de marketing digital e gest\u00e3o de redes sociais<\/a><\/p>\n<\/td>\n<td style=\"height: 49px; width: 12.776%;\" width=\"66\">\n<p><strong>25<\/strong><\/p>\n<\/td>\n<\/tr>\n<tr style=\"height: 49px;\">\n<td style=\"height: 49px; width: 12.4606%;\" width=\"64\">\n<p><strong>10786<\/strong><\/p>\n<\/td>\n<td style=\"height: 49px; width: 74.6057%;\" width=\"437\">\n<p><a href=\"https:\/\/catalogo.anqep.gov.pt\/ufcdDetalhe\/17530\">Prototipagem para a web<\/a><\/p>\n<\/td>\n<td style=\"height: 49px; width: 12.776%;\" width=\"66\">\n<p><strong>50<\/strong><\/p>\n<\/td>\n<\/tr>\n<tr style=\"height: 49px;\">\n<td style=\"height: 49px; width: 12.4606%;\" width=\"64\">\n<p><strong>10789<\/strong><\/p>\n<\/td>\n<td style=\"height: 49px; width: 74.6057%;\" width=\"437\">\n<p><a href=\"https:\/\/catalogo.anqep.gov.pt\/ufcdDetalhe\/17533\">Metodologias de desenvolvimento de software<\/a><\/p>\n<\/td>\n<td style=\"height: 49px; width: 12.776%;\" width=\"66\">\n<p><strong>25<\/strong><\/p>\n<\/td>\n<\/tr>\n<tr style=\"height: 49px;\">\n<td style=\"height: 49px; width: 12.4606%;\" width=\"64\">\n<p><strong>10790<\/strong><\/p>\n<\/td>\n<td style=\"height: 49px; width: 74.6057%;\" width=\"437\">\n<p><a href=\"https:\/\/catalogo.anqep.gov.pt\/ufcdDetalhe\/17534\">Projeto de programa\u00e7\u00e3o<\/a><\/p>\n<\/td>\n<td style=\"height: 49px; width: 12.776%;\" width=\"66\">\n<p><strong>25<\/strong><\/p>\n<\/td>\n<\/tr>\n<tr style=\"height: 49px;\">\n<td style=\"height: 49px; width: 12.4606%;\" width=\"64\">\n<p><strong>10865<\/strong><\/p>\n<\/td>\n<td style=\"height: 49px; width: 74.6057%;\" width=\"437\">\n<p><a href=\"https:\/\/catalogo.anqep.gov.pt\/ufcdDetalhe\/353173\">Sales automation<\/a><\/p>\n<\/td>\n<td style=\"height: 49px; width: 12.776%;\" width=\"66\">\n<p><strong>50<\/strong><\/p>\n<\/td>\n<\/tr>\n<tr style=\"height: 49px;\">\n<td style=\"height: 49px; width: 12.4606%;\" width=\"64\">\n<p><strong>10866<\/strong><\/p>\n<\/td>\n<td style=\"height: 49px; width: 74.6057%;\" width=\"437\">\n<p><a href=\"https:\/\/catalogo.anqep.gov.pt\/ufcdDetalhe\/353174\">Gest\u00e3o de vendas e servi\u00e7os ao cliente<\/a><\/p>\n<\/td>\n<td style=\"height: 49px; width: 12.776%;\" width=\"66\">\n<p><strong>50<\/strong><\/p>\n<\/td>\n<\/tr>\n<tr style=\"height: 49px;\">\n<td style=\"height: 49px; width: 12.4606%;\" width=\"64\">\n<p><strong>10867<\/strong><\/p>\n<\/td>\n<td style=\"height: 49px; width: 74.6057%;\" width=\"437\">\n<p><a href=\"https:\/\/catalogo.anqep.gov.pt\/ufcdDetalhe\/353175\">Marketing automation<\/a><\/p>\n<\/td>\n<td style=\"height: 49px; width: 12.776%;\" width=\"66\">\n<p><strong>50<\/strong><\/p>\n<\/td>\n<\/tr>\n<tr style=\"height: 49px;\">\n<td style=\"height: 49px; width: 12.4606%;\" width=\"64\">\n<p><strong>10869<\/strong><\/p>\n<\/td>\n<td style=\"height: 49px; width: 74.6057%;\" width=\"437\">\n<p><a href=\"https:\/\/catalogo.anqep.gov.pt\/ufcdDetalhe\/353177\">CRM Modelos de an\u00e1lise \u00e0 decis\u00e3o<\/a><\/p>\n<\/td>\n<td style=\"height: 49px; width: 12.776%;\" width=\"66\">\n<p><strong>50<\/strong><\/p>\n<\/td>\n<\/tr>\n<tr style=\"height: 49px;\">\n<td style=\"height: 49px; width: 12.4606%;\" width=\"64\">\n<p><strong>10871<\/strong><\/p>\n<\/td>\n<td style=\"height: 49px; width: 74.6057%;\" width=\"437\">\n<p><a href=\"https:\/\/catalogo.anqep.gov.pt\/ufcdDetalhe\/353186\">Introdu\u00e7\u00e3o \u00e0 administra\u00e7\u00e3o de sistemas<\/a><\/p>\n<\/td>\n<td style=\"height: 49px; width: 12.776%;\" width=\"66\">\n<p><strong>50<\/strong><\/p>\n<\/td>\n<\/tr>\n<tr style=\"height: 49px;\">\n<td style=\"height: 49px; width: 12.4606%;\" width=\"64\">\n<p><strong>10872<\/strong><\/p>\n<\/td>\n<td style=\"height: 49px; width: 74.6057%;\" width=\"437\">\n<p><a href=\"https:\/\/catalogo.anqep.gov.pt\/ufcdDetalhe\/353187\">Administra\u00e7\u00e3o de sistemas<\/a><\/p>\n<\/td>\n<td style=\"height: 49px; width: 12.776%;\" width=\"66\">\n<p><strong>50<\/strong><\/p>\n<\/td>\n<\/tr>\n<tr style=\"height: 49px;\">\n<td style=\"height: 49px; width: 12.4606%;\" width=\"64\">\n<p><strong>10873<\/strong><\/p>\n<\/td>\n<td style=\"height: 49px; width: 74.6057%;\" width=\"437\">\n<p><a href=\"https:\/\/catalogo.anqep.gov.pt\/ufcdDetalhe\/353188\">Arquitetura de sistemas em cloud<\/a><\/p>\n<\/td>\n<td style=\"height: 49px; width: 12.776%;\" width=\"66\">\n<p><strong>50<\/strong><\/p>\n<\/td>\n<\/tr>\n<tr style=\"height: 49px;\">\n<td style=\"height: 49px; width: 12.4606%;\" width=\"64\">\n<p><strong>10874<\/strong><\/p>\n<\/td>\n<td style=\"height: 49px; width: 74.6057%;\" width=\"437\">\n<p><a href=\"https:\/\/catalogo.anqep.gov.pt\/ufcdDetalhe\/353189\">Arquiteturas h\u00edbridas e gest\u00e3o de servi\u00e7os<\/a><\/p>\n<\/td>\n<td style=\"height: 49px; width: 12.776%;\" width=\"66\">\n<p><strong>50<\/strong><\/p>\n<\/td>\n<\/tr>\n<\/tbody>\n<\/table>\n<p><a href=\"#_ftnref1\" name=\"_ftn1\">[1]<\/a> Clique na Designa\u00e7\u00e3o pretendida para aceder ao Referencial Formativo previsto no Cat\u00e1logo Nacional de Qualifica\u00e7\u00f5es.<\/p>\n<p><strong>Caso pretenda realizar a sua inscri\u00e7\u00e3o ou obter mais informa\u00e7\u00f5es poder\u00e1 contactar-nos atrav\u00e9s do seguinte endere\u00e7o de e-mail: <a href=\"mailto:digital@igforma.com\">digital@igforma.com<\/a>.<\/strong><\/p>\n<p>\u00a0<\/p>\n<p>\u00a0<\/p>\n","protected":false},"excerpt":{"rendered":"<p>\u00a0 A\u00a0Forma\u00e7\u00e3o\u00a0Emprego+ Digital\u00a0\u00e9 uma iniciativa do IEFP, organizada pela\u00a0IG-FORMA, para promover a forma\u00e7\u00e3o e requalifica\u00e7\u00e3o na \u00e1rea digital de trabalhadores das empresas, incluindo\u00a0entidades da economia social, contribuindo para fomentar a respetiva transforma\u00e7\u00e3o digital destas entidades empregadoras. A IG-Forma tem aprovados Planos de Forma\u00e7\u00e3o com financiamento aprovado para as regi\u00f5es Norte, Centro, Lisboa, Alentejo e Algarve, &hellip; <a href=\"https:\/\/www.igforma.com\/?page_id=944\" class=\"more-link\">Continuar a ler<span class=\"screen-reader-text\">FORMA\u00c7\u00c3O EMPREGO + DIGITAL<\/span> <span class=\"meta-nav\">&rarr;<\/span><\/a><\/p>\n","protected":false},"author":3,"featured_media":0,"parent":0,"menu_order":0,"comment_status":"closed","ping_status":"closed","template":"","meta":{"footnotes":""},"class_list":["post-944","page","type-page","status-publish","hentry"],"_links":{"self":[{"href":"https:\/\/www.igforma.com\/index.php?rest_route=\/wp\/v2\/pages\/944"}],"collection":[{"href":"https:\/\/www.igforma.com\/index.php?rest_route=\/wp\/v2\/pages"}],"about":[{"href":"https:\/\/www.igforma.com\/index.php?rest_route=\/wp\/v2\/types\/page"}],"author":[{"embeddable":true,"href":"https:\/\/www.igforma.com\/index.php?rest_route=\/wp\/v2\/users\/3"}],"replies":[{"embeddable":true,"href":"https:\/\/www.igforma.com\/index.php?rest_route=%2Fwp%2Fv2%2Fcomments&post=944"}],"version-history":[{"count":2,"href":"https:\/\/www.igforma.com\/index.php?rest_route=\/wp\/v2\/pages\/944\/revisions"}],"predecessor-version":[{"id":972,"href":"https:\/\/www.igforma.com\/index.php?rest_route=\/wp\/v2\/pages\/944\/revisions\/972"}],"wp:attachment":[{"href":"https:\/\/www.igforma.com\/index.php?rest_route=%2Fwp%2Fv2%2Fmedia&parent=944"}],"curies":[{"name":"wp","href":"https:\/\/api.w.org\/{rel}","templated":true}]}}