{"id":584,"date":"2017-05-12T16:40:39","date_gmt":"2017-05-12T16:40:39","guid":{"rendered":"http:\/\/www.igforma.com\/?page_id=584"},"modified":"2022-05-03T09:29:34","modified_gmt":"2022-05-03T09:29:34","slug":"consultoria","status":"publish","type":"page","link":"https:\/\/www.igforma.com\/?page_id=584","title":{"rendered":"Consultoria"},"content":{"rendered":"<p>Atrav\u00e9s dos nossos Servi\u00e7os de Consultoria pretendemos apoiar os nossos clientes desenvolvendo solu\u00e7\u00f5es de valor acrescentado, que contribuam para o sucesso das organiza\u00e7\u00f5es, nomeadamente atrav\u00e9s de:<\/p>\n<p>&nbsp;<\/p>\n<p><span style=\"color: #0000ff;\"><strong><span style=\"color: #0000ff;\">SI2E &#8211;\u00a0Sistema de incentivos a Empreendedorismo e<\/span> <span style=\"color: #0000ff;\">ao Emprego<\/span><\/strong><\/span><\/p>\n<p>Este sistema de incentivos visa a moderniza\u00e7\u00e3o ou expans\u00e3o da atividade de Micro e pequenas empresas.<\/p>\n<p>S\u00e3o\u00a0 eleg\u00edveis\u00a0 a\u00a0 generalidade\u00a0 das\u00a0 despesas,\u00a0 tais\u00a0 como:<\/p>\n<ul>\n<li>\u00a0 Obras\u00a0 de adapta\u00e7\u00e3o,<\/li>\n<li>\u00a0 M\u00e1quinas\u00a0 e equipamentos,<\/li>\n<li>\u00a0 Inform\u00e1tica (Hardware e software),<\/li>\n<li>\u00a0 Mobili\u00e1rio,<\/li>\n<li>\u00a0 Estudos, etc\u2026<\/li>\n<li>\u00a0 Emprego: Cria\u00e7\u00e3o\u00a0 do\u00a0 pr\u00f3prio emprego ou Apoio a contrata\u00e7\u00e3o.<\/li>\n<\/ul>\n<p>A comparticipa\u00e7\u00e3o a fundo perdido, incluindo majora\u00e7\u00f5es \u00e9 de 60% para os territ\u00f3rios de baixa densidade e 50% nos\u00a0restantes.<\/p>\n<p>&nbsp;<\/p>\n<p><span style=\"color: #0000ff;\"><strong><span style=\"color: #0000ff;\">Processos de Certifica\u00e7\u00e3o junto da<\/span> <span style=\"color: #0000ff;\">DGERT<\/span><\/strong><\/span><\/p>\n<p>A nossa equipa tem colaborado em diversos pedidos de acredita\u00e7\u00e3o\/certifica\u00e7\u00e3o de diversas Entidades Formadoras e todos eles obtiveram o devido deferimento, tendo inclusivamente tamb\u00e9m j\u00e1 assegurado alguns pedidos de alargamento para \u00e1reas de forma\u00e7\u00e3o em que essas entidades n\u00e3o solicitaram a devida certifica\u00e7\u00e3o no seu processo inicial.<\/p>\n<p>&nbsp;<\/p>\n","protected":false},"excerpt":{"rendered":"<p>Atrav\u00e9s dos nossos Servi\u00e7os de Consultoria pretendemos apoiar os nossos clientes desenvolvendo solu\u00e7\u00f5es de valor acrescentado, que contribuam para o sucesso das organiza\u00e7\u00f5es, nomeadamente atrav\u00e9s de: &nbsp; SI2E &#8211;\u00a0Sistema de incentivos a Empreendedorismo e ao Emprego Este sistema de incentivos visa a moderniza\u00e7\u00e3o ou expans\u00e3o da atividade de Micro e pequenas empresas. S\u00e3o\u00a0 eleg\u00edveis\u00a0 a\u00a0 &hellip; <a href=\"https:\/\/www.igforma.com\/?page_id=584\" class=\"more-link\">Continuar a ler<span class=\"screen-reader-text\">Consultoria<\/span> <span class=\"meta-nav\">&rarr;<\/span><\/a><\/p>\n","protected":false},"author":3,"featured_media":0,"parent":0,"menu_order":0,"comment_status":"closed","ping_status":"closed","template":"","meta":{"footnotes":""},"class_list":["post-584","page","type-page","status-publish","hentry"],"_links":{"self":[{"href":"https:\/\/www.igforma.com\/index.php?rest_route=\/wp\/v2\/pages\/584"}],"collection":[{"href":"https:\/\/www.igforma.com\/index.php?rest_route=\/wp\/v2\/pages"}],"about":[{"href":"https:\/\/www.igforma.com\/index.php?rest_route=\/wp\/v2\/types\/page"}],"author":[{"embeddable":true,"href":"https:\/\/www.igforma.com\/index.php?rest_route=\/wp\/v2\/users\/3"}],"replies":[{"embeddable":true,"href":"https:\/\/www.igforma.com\/index.php?rest_route=%2Fwp%2Fv2%2Fcomments&post=584"}],"version-history":[{"count":5,"href":"https:\/\/www.igforma.com\/index.php?rest_route=\/wp\/v2\/pages\/584\/revisions"}],"predecessor-version":[{"id":701,"href":"https:\/\/www.igforma.com\/index.php?rest_route=\/wp\/v2\/pages\/584\/revisions\/701"}],"wp:attachment":[{"href":"https:\/\/www.igforma.com\/index.php?rest_route=%2Fwp%2Fv2%2Fmedia&parent=584"}],"curies":[{"name":"wp","href":"https:\/\/api.w.org\/{rel}","templated":true}]}}